 = -2*o**3 - 77*o**2 + 278*o - 684. What is r(-42)?
-12
Let b(j) = -j**2 + 112*j - 1022. What is b(10)?
-2
Let m(k) = -k**2 - 195*k - 1161. Give m(-6).
-27
Let o(f) = 20717*f + 103619. Determine o(-5).
34
Let u(i) = -i**2 + 32*i + 425. Determine u(-10).
5
Let v(b) = 3*b**3 - 21*b**2 + 19*b - 132. Determine v(7).
1
Let z(s) = s**2 + 51*s - 536. What is z(-60)?
4
Let c(n) = 264*n - 1868. Give c(7).
-20
Let c(w) = -12*w**2 + 93*w - 181. Calculate c(2).
-43
Let o(j) = 9*j**2 - 310*j + 1210. Determine o(30).
10
Let n(f) = 42*f + 140. What is n(-1)?
98
Let o(b) = -2662*b + 34615. Give o(13).
9
Let u(z) = -34*z**3 - z**2 - 29*z + 30. Calculate u(1).
-34
Let j(w) = -w**3 + w**2 + 33*w - 31. Give j(6).
-13
Let x(t) = 21*t**2 - 584*t - 1168. Give x(-2).
84
Let h(o) = -138*o + 8. What is h(-1)?
146
Let x(t) = 11*t**2 + 2*t - 17. Give x(-4).
151
Let b(h) = 2*h**3 - 159*h**2 - 75*h - 653. Calculate b(80).
-253
Let f(q) = 3123*q + 56217. Give f(-18).
3
Let h(n) = n**3 - 3*n**2 - 916*n + 2739. Calculate h(3).
-9
Let l(a) = -274*a + 13467. What is l(49)?
41
Let w(f) = -60*f**2 - 5037*f + 263. Give w(-84).
11
Let c(a) = a - 115. Calculate c(-9).
-124
Let z(h) = 21*h + 33. Calculate z(-5).
-72
Let l(x) = x**3 + 11*x**2 - 32*x - 15. What is l(0)?
-15
Let i(v) = -7*v**3 - 11*v**2 - 19*v - 1. Determine i(-3).
146
Let y(w) = 4557*w + 36441. Calculate y(-8).
-15
Let o(u) = 166*u**3 - u**2 - u + 1. Calculate o(1).
165
Let f(v) = 76*v - 599. What is f(8)?
9
Let t(w) = 25*w - 195. Determine t(8).
5
Let p(s) = s**3 - 22*s**2 - 275*s + 5924. Determine p(16).
-12
Let y(m) = -5*m**2 - 350*m - 694. What is y(-68)?
-14
Let k(v) = v**3 - 43*v**2 + 85*v + 172. What is k(41)?
295
Let g(u) = 1643*u**2 - 4925*u - 13. Determine g(3).
-1
Let d(c) = c**2 - 2*c - 15. Give d(3).
-12
Let o(x) = -x**3 - 14*x**2 + 14*x + 156. Calculate o(-14).
-40
Let g(w) = -241*w**3 - 2*w**2 + 1. Give g(-1).
240
Let z(w) = -w**2 - 197*w - 6052. Give z(-159).
-10
Let q(u) = 52*u + 186. Give q(-3).
30
Let r(o) = o**3 - 27*o**2 + 63*o + 42. What is r(24)?
-174
Let k(y) = -9*y**3 - 18*y**2 + 26*y + 4. Determine k(-3).
7
Let m(b) = b**2 + 9*b + 12. Calculate m(-3).
-6
Let m(s) = -609*s + 9072. What is m(15)?
-63
Let y(b) = -5892*b + 35342. Calculate y(6).
-10
Let z(n) = -24*n**2 - 264*n - 16. Give z(-11).
-16
Let a(f) = -115*f**3 + 216*f**2 + 32*f - 3. Determine a(2).
5
Let n(t) = -5920*t + 183526. What is n(31)?
6
Let g(v) = 31*v**2 - 1642*v - 25. Give g(53).
28
Let c(l) = -3*l**3 - 22*l**2 + 26*l + 43. What is c(-8)?
-37
Let d(f) = -522*f + 10452. Determine d(20).
12
Let s(t) = -7*t**3 + 2*t**2 + 9*t + 7. What is s(-3)?
187
Let w(d) = 5*d**2 + 83*d + 84. Calculate w(-1).
6
Let h(g) = -1434*g + 14324. Determine h(10).
-16
Let h(s) = -s**2 + 49*s + 271. What is h(56)?
-121
Let d(u) = -31*u + 52. What is d(2)?
-10
Let o(a) = -a**3 + 184*a**2 - 721*a + 180. What is o(180)?
0
Let m(s) = 17*s + 141. What is m(-2)?
107
Let i(k) = -k**3 + 9*k**2 - 4*k - 12. What is i(6)?
72
Let b(j) = j**2 + 9*j - 57. Calculate b(-21).
195
Let t(i) = -277*i**2 - 266*i - 3. Determine t(-1).
-14
Let g(l) = l**3 - 36*l**2 + 262*l - 19. Give g(10).
1
Let g(c) = -2577*c + 17980. Give g(7).
-59
Let l(b) = -1281*b - 11522. What is l(-9)?
7
Let i(v) = -9*v**2 - 133*v + 166. What is i(-16)?
-10
Let s(v) = -2*v**3 + 192*v**2 - 733*v - 283. Determine s(92).
-7
Let i(o) = 60*o - 533. Calculate i(7).
-113
Let u(k) = -22*k**2 - 235*k - 234. Give u(-1).
-21
Let o(y) = 24*y - 103. What is o(6)?
41
Let p(z) = -17*z + 159. Determine p(-20).
499
Let p(a) = 2*a**2 + 58*a + 102. Calculate p(-28).
46
Let x(i) = 2*i - 49. Calculate x(16).
-17
Let j(b) = -14*b - 9. Calculate j(8).
-121
Let m(c) = -c**2 - 6*c - 49. Determine m(-11).
-104
Let v(z) = -34*z + 103. Give v(6).
-101
Let d(z) = 750*z - 4429. Calculate d(6).
71
Let n(o) = 8*o - 130. Determine n(16).
-2
Let v(y) = 2*y**2 - 83*y + 359. Calculate v(36).
-37
Let z(h) = -h**3 + 6*h**2 - 9*h + 39. Give z(5).
19
Let i(j) = -j**2 + 38*j + 198. What is i(42)?
30
Let w(r) = -r**3 - 18*r**2 - r - 32. What is w(-17)?
-304
Let o(m) = 10*m**3 + m**2 + 197*m + 196. What is o(-1)?
-10
Let n(b) = -b**2 - 17*b + 25. Calculate n(-17).
25
Let q(c) = c**3 - 13*c**2 + 16*c - 51. Calculate q(12).
-3
Let b(a) = a**3 - 5*a**2 + 55*a - 471. Determine b(7).
12
Let t(d) = -d**2 + 6*d - 7. What is t(6)?
-7
Let c(m) = m**3 - 28*m**2 - 3*m + 30. Determine c(28).
-54
Let z(w) = 31*w - 323. Determine z(5).
-168
Let a(z) = -3*z**2 - 399*z + 410. Give a(-134).
8
Let z(j) = -64*j**2 + 2. Calculate z(1).
-62
Let f(a) = -150*a + 2957. Determine f(20).
-43
Let f(a) = a**2 - 1349*a + 8046. Calculate f(6).
-12
Let g(n) = -2*n**3 - 47*n**2 - 165*n + 117. What is g(-19)?
3
Let v(i) = i**2 - 66*i - 72. Calculate v(0).
-72
Let q(b) = -438*b - 83. Determine q(1).
-521
Let o(w) = 8*w**2 - 961*w + 4601. Give o(5).
-4
Let c(t) = 40*t**2 - 6*t + 2. Calculate c(-2).
174
Let t(o) = 2*o**3 - 26*o**2 - 32*o + 61. Calculate t(14).
5
Let n(x) = -x**3 - 15*x**2 + 41*x + 169. What is n(-7)?
-510
Let p(s) = -s**3 + 14*s**2 - 17*s - 49. Determine p(11).
127
Let h(g) = g**3 + 4*g + 2. Give h(-1).
-3
Let m(j) = -j**2 + 180*j - 348. What is m(2)?
8
Let m(i) = 432*i**3 - 16414*i**2 - 76*i - 1. What is m(38)?
-1
Let c(a) = 320*a + 103366. Calculate c(-323).
6
Let g(l) = -l**3 - 83*l**2 - 163*l - 105. Determine g(-81).
-24
Let a(w) = w**3 - 7*w**2 + 72*w - 720. Give a(8).
-80
Let f(v) = 7*v**2 + 9*v + 11. Give f(-2).
21
Let u(v) = -17*v**2 - 50*v + 8. Calculate u(-3).
5
Let w(t) = -92*t + 5793. Give w(63).
-3
Let g(q) = 5*q**2 + 217*q + 493. Give g(-41).
1
Let b(y) = -y**2 - 511*y + 2060. Calculate b(4).
0
Let z(n) = -n**3 - 16*n**2 - 33*n - 21. Give z(-6).
-183
Let y(j) = -68*j**2 - 25297*j - 377. Give y(-372).
-5
Let o(x) = -42*x**2 - 149*x - 15. What is o(-3)?
54
Let w(i) = -62*i**2 - 2355*i + 33. Calculate w(-38).
-5
Let m(j) = -j**3 - 12*j**2 - 19*j - 1. Calculate m(-7).
-113
Let f(n) = n**3 - 94*n**2 + 1052*n - 1. Determine f(13).
-14
Let l(a) = 3004*a - 5997. Determine l(2).
11
Let j(w) = -229*w - 1085. Calculate j(-5).
60
Let j(x) = 143*x - 3153. What is j(22)?
-7
Let c(g) = -13*g - 576. Determine c(-45).
9
Let q(h) = h**3 + 8*h**2 - 70*h + 20. Give q(-13).
85
Let y(k) = -6*k**3 - 11*k**2 + 5*k + 19. Calculate y(-2).
13
Let i(s) = s**3 + 102*s**2 + 922*s + 176. Calculate i(-92).
-8
Let v(s) = -s**2 + 80*s + 1567. Calculate v(96).
31
Let j(q) = 574*q + 4557. Determine j(-8).
-35
Let a(p) = -p**2 + 76*p + 945. Determine a(-11).
-12
Let h(u) = -210*u + 2293. Give h(13).
-437
Let c(u) = -u**3 - 277*u**2 + 3169*u + 286. What is c(-288)?
-2
Let m(w) = 4*w**2 - 8*w + 3. What is m(-4)?
99
Let r(d) = -2*d**3 + 29*d**2 + 43*d + 45. Determine r(16).
-35
Let b(s) = s**3 + 6*s**2 + 4*s - 21. Give b(0).
-21
Let u(c) = -c**2 - 11*c + 171. Determine u(9).
-9
Let z(v) = 6*v**2 - 4*v - 22. Calculate z(5).
108
Let f(m) = 200*m + 6018. What is f(-29)?
218
Let r(c) = -3*c**2 - 424*c - 1132. Calculate r(-139).
-159
Let k(o) = o**3 - 49*o**2 - 2*o + 183. What is k(49)?
85
Let v(k) = -38*k + 70. Give v(0).
70
Let b(y) = -y**2 + 49*y - 561. Determine b(19).
9
Let m(z) = 811*z - 297643. Determine m(367).
-6
Let q(u) = -93*u - 370. What is q(-4)?
2
Let u(o) = -2*o**2 - 28*o + 22. What is u(0)?
22
Let u(w) = -w**2 + 120*w - 3540. Calculate u(68).
-4
Let t(m) = 4*m - 477. Give t(25).
-377
Let l(j) = 196*j - 6076. What is l(31)?
0
Let x(p) = 30*p**2 + 36*p - 23. Calculate x(-2).
25
Let x(z) = z**2 + 41*z + 188. Calculate x(-40).
148
Let a(s) = 44*s + 971. Give a(4).
1147
Let x(j) = j**3 + 11*j**2 - 103*j - 1125. Calculate x(-11).
8
Let p(y) = y**2 - 66*y + 1008. Determine p(25).
-17
Let m(o) = 2*o**3 - 11*o**2 - 2*o + 12. What is m(5)?
-23
Let s(z) = -189*z + 1516. Determine s(8).
4
Let i(c) = -112*c + 1365. Calculate i(12).
21
Let c(d) = 43*d + 668. Calculate c(-15).
23
Let n(v) = 2*v**3 - 13*v**2 + 28*v - 100. What is n(6)?
32
Let o(q) = q**3 + 72*q**2 - 146*q + 163. What is o(-74)?
15
Let c(s) = -3*s**3 + s**2 + 4*s + 53. Calculate c(0).
53
Let j(v) = -5*v**3 - 104*v**2 + 19*v - 65. Calculate j(-21).
-23
Let x(g) = 2*g**3 - 7*g**2 - 233*g - 92. Give x(-9).
-20
Let f(z) = -14*z**2 - 279*z - 252. Give f(-19).
-5
Let c(h) = 13*h - 2. Give c(-2).
-28
Let r(g) = 8*g**2 - 98*g - 